e the greatest common divisor of 112 and 176.
16
What is the highest common divisor of 160 and 12?
4
What is the highest common factor of 4200 and 75?
75
What is the greatest common divisor of 1819 and 221?
17
What is the greatest common factor of 21 and 6?
3
What is the greatest common divisor of 75 and 275?
25
Calculate the greatest common factor of 20 and 5.
5
Calculate the highest common divisor of 19 and 18563.
19
Calculate the highest common divisor of 90 and 195.
15
What is the highest common factor of 524 and 917?
131
What is the highest common divisor of 95 and 1007?
19
Calculate the highest common divisor of 1914 and 792.
66
Calculate the highest common divisor of 696 and 24.
24
Calculate the highest common divisor of 14 and 4.
2
Calculate the greatest common divisor of 28 and 217.
7
Calculate the greatest common factor of 114 and 18.
6
Calculate the highest common divisor of 98 and 539.
49
Calculate the greatest common divisor of 726 and 1947.
33
What is the highest common divisor of 26 and 20?
2
Calculate the greatest common divisor of 50 and 12820.
10
Calculate the highest common divisor of 28 and 8.
4
Calculate the highest common factor of 57 and 133.
19
Calculate the highest common divisor of 50 and 45.
5
What is the highest common factor of 8 and 136?
8
Calculate the greatest common factor of 6 and 138.
6
Calculate the highest common factor of 60 and 155.
5
What is the highest common divisor of 969 and 51?
51
Calculate the greatest common factor of 70 and 5530.
70
What is the greatest common divisor of 25 and 38?
1
What is the highest common factor of 9674 and 56?
14
Calculate the highest common divisor of 216 and 18792.
216
What is the highest common factor of 8 and 6568?
8
Calculate the highest common divisor of 64 and 2096.
16
Calculate the highest common factor of 30 and 28.
2
Calculate the greatest common divisor of 51 and 1077.
3
What is the highest common divisor of 50 and 520?
10
What is the greatest common divisor of 1860 and 240?
60
What is the greatest common divisor of 38 and 1881?
19
Calculate the greatest common factor of 405 and 150.
15
What is the greatest common divisor of 480 and 105?
15
What is the highest common factor of 40 and 1090?
10
What is the highest common factor of 144 and 208?
16
What is the highest common factor of 2132 and 451?
41
What is the greatest common factor of 110 and 66?
22
What is the highest common divisor of 20 and 80?
20
Calculate the greatest common factor of 1755 and 273.
39
What is the highest common factor of 290 and 10?
10
Calculate the highest common divisor of 737 and 11.
11
What is the greatest common divisor of 115 and 1472?
23
What is the highest common factor of 96 and 48?
48
What is the highest common divisor of 644 and 14?
14
Calculate the greatest common divisor of 196 and 28.
28
Calculate the highest common divisor of 328 and 88.
8
Calculate the highest common factor of 424 and 320.
8
What is the greatest common divisor of 39836 and 92?
92
Calculate the greatest common factor of 16 and 1936.
16
What is the greatest common divisor of 245 and 5425?
35
What is the highest common divisor of 777 and 21?
21
Calculate the greatest common factor of 30 and 36.
6
What is the highest common factor of 19 and 171?
19
What is the greatest common factor of 51 and 4947?
51
What is the greatest common divisor of 140 and 336?
28
What is the greatest common divisor of 22 and 3674?
22
Calculate the highest common divisor of 57 and 21.
3
What is the highest common divisor of 11845 and 345?
115
What is the highest common divisor of 4 and 48?
4
What is the highest common factor of 3248 and 112?
112
Calculate the greatest common divisor of 533 and 13.
13
What is the highest common divisor of 798 and 76?
38
Calculate the greatest common divisor of 9828 and 624.
156
Calculate the highest common factor of 12556 and 258.
86
Calculate the greatest common factor of 246 and 7995.
123
What is the greatest common divisor of 82 and 1394?
82
Calculate the highest common divisor of 20 and 99500.
20
Calculate the greatest common factor of 242 and 22.
22
Calculate the highest common divisor of 16277 and 41.
41
Calculate the greatest common divisor of 217 and 21.
7
What is the greatest common divisor of 3 and 49?
1
Calculate the highest common divisor of 450 and 15.
15
What is the greatest common divisor of 327 and 15?
3
What is the greatest common divisor of 140 and 315?
35
What is the highest common divisor of 58 and 3625?
29
Calculate the greatest common divisor of 5 and 35.
5
Calculate the greatest common factor of 1558 and 19.
19
What is the greatest common divisor of 1794 and 78?
78
Calculate the greatest common divisor of 80 and 305.
5
Calculate the highest common divisor of 16 and 1816.
8
What is the highest common factor of 8 and 1256?
8
What is the greatest common factor of 6401 and 173?
173
Calculate the greatest common divisor of 195 and 1245.
15
What is the highest common divisor of 189 and 42?
21
Calculate the highest common divisor of 14241 and 94.
47
Calculate the highest common divisor of 31 and 31.
31
What is the highest common factor of 2343 and 11?
11
Calculate the greatest common factor of 954 and 18.
18
What is the greatest common factor of 25125 and 603?
201
What is the greatest common factor of 820 and 20?
20
What is the highest common divisor of 5 and 145?
5
Calculate the highest common divisor of 139 and 695.
139
Calculate the greatest common factor of 10165 and 107.
107
What is the highest common factor of 315 and 231?
21
Calculate the greatest common factor of 3 and 1644.
3
What is the highest common factor of 243 and 1053?
81
What is the greatest common divisor of 28923 and 622?
311
What is the greatest common factor of 17511 and 78?
39
What is the highest common divisor of 2592 and 162?
162
What is the greatest common factor of 217 and 581?
7
What is the greatest common divisor of 12 and 87?
3
What is the greatest common divisor of 138 and 6992?
46
What is the highest common divisor of 77461 and 71?
71
Calculate the highest common divisor of 141 and 141.
141
Calculate the highest common divisor of 105 and 15.
15
Calculate the highest common divisor of 16 and 208.
16
Calculate the highest common divisor of 110 and 286.
22
Calculate the highest common factor of 120 and 264.
24
What is the highest common factor of 124 and 1054?
62
What is the highest common factor of 3796 and 438?
146
Calculate the highest common factor of 693 and 154.
77
What is the highest common factor of 295 and 35?
5
What is the greatest common factor of 5129 and 23?
23
Calculate the highest common factor of 32 and 80.
16
Calculate the highest common divisor of 11094 and 12.
6
What is the greatest common factor of 1407 and 21?
21
Calculate the highest common divisor of 297 and 66.
33
Calculate the highest common factor of 1088 and 17.
17
Calculate the greatest common factor of 130 and 180.
10
Calculate the greatest common factor of 630 and 336.
42
What is the highest common divisor of 480 and 10400?
160
Calculate the greatest common divisor of 342 and 38.
38
Calculate the greatest common factor of 22 and 594.
22
Calculate the highest common divisor of 4558 and 258.
86
What is the highest common factor of 755 and 15?
5
What is the greatest common factor of 24 and 1992?
24
What is the highest common divisor of 1 and 433?
1
What is the highest common divisor of 138 and 2001?
69
What is the greatest common divisor of 630 and 1197?
63
What is the highest common factor of 58 and 11513?
29
Calculate the highest common factor of 41 and 23042.
41
Calculate the highest common factor of 132 and 99.
33
What is the greatest common divisor of 6 and 15882?
6
Calculate the greatest common divisor of 12805 and 91.
13
What is the greatest common factor of 732 and 12?
12
What is the highest common divisor of 2728 and 440?
88
Calculate the highest common factor of 1921 and 51.
17
What is the highest common factor of 979 and 55?
11
Calculate the greatest common divisor of 128 and 448.
64
What is the highest common factor of 91 and 28?
7
Calculate the highest common divisor of 2740 and 25.
5
What is the greatest common divisor of 46 and 1702?
46
Calculate the highest common divisor of 129 and 3096.
129
What is the greatest co